 u(i) = 5*i**3 - 12*i**2 + 22*i - 9. Is u(6) a composite number?
True
Let k be (-29)/(-2) - 4/8. Suppose -k*j - 290 = -16*j. Is j a prime number?
False
Suppose 8 = 5*m - 2. Suppose -3*s + m*l + 61 = 0, -2*l = -5*s - 33 + 140. Is s prime?
True
Let p(c) = -8*c**3 - 2*c**2 - 2*c - 3. Is p(-2) prime?
False
Let v = -78 + 346. Let x = v + -141. Is x a prime number?
True
Is 3/(-18)*-9*58 a prime number?
False
Let j = -43 - -80. Is j a composite number?
False
Suppose -3*f + 4*b = -2127 - 1846, 0 = -2*f + 4*b + 2654. Is f composite?
False
Let k = -5 - -8. Suppose k*f - 5*f = -12. Let r = 12 - f. Is r prime?
False
Suppose -s + 51 + 20 = 0. Is s a prime number?
True
Suppose 3*w = 2*w + 5*q + 2380, -5*q = 2*w - 4745. Is (-1)/(-4) + w/20 a composite number?
True
Suppose 2*l = -5*j + 31 - 284, -3*l + 2*j = 351. Let k = -28 - l. Is k a composite number?
True
Let b be (-33 + 3/1)/(-2). Is (-5)/b + (-1412)/(-6) a composite number?
True
Let d(n) = -n**3 - 2*n**2 - 2*n - 3. Let q(m) = 2*m + 9. Let p be q(-7). Is d(p) composite?
True
Let c = -4 + 4. Let f = 0 - c. Is (-2)/6*f + 22 composite?
True
Suppose 0 = 5*v + p - 75, 3*p - 7 = 4*v - 67. Let x be (0 - (1 + -1)) + 4. Let i = v + x. Is i prime?
True
Suppose -3 - 9 = -3*p. Suppose -9*z = -p*z. Let u(b) = b**2 + 157. Is u(z) composite?
False
Suppose 2*l = 3*l - 414. Suppose i - l = 175. Is i composite?
True
Let j(q) = q - 1. Let p be j(0). Let x be (-2 - -1)/(p/23). Let r = x + -4. Is r a composite number?
False
Let u = -119 - -417. Is u prime?
False
Let y = 10 + -13. Is y + 0 - -103 - -3 a composite number?
False
Let y(u) = 118*u + 1. Let c be y(3). Is c/4 + 2/8 a prime number?
True
Let m = 19 + -34. Let u(y) = -y**3 - 6*y**2 - 3*y - 2. Let p be u(-7). Let z = m + p. Is z prime?
True
Let g = 577 + -36. Is g a composite number?
False
Suppose -y - 4*m = -m - 508, 2*m = 2*y - 976. Is y composite?
True
Let i be 1 - (5 - 1)*31. Suppose 4*w - 941 = -237. Let u = i + w. Is u a prime number?
True
Let w(f) = f**3 - 6*f**2 - 10*f - 10. Let t be w(8). Suppose -2*j = -2*c + 2, -2*c = j - 0 - 5. Is t*j + 0 + 0 prime?
False
Suppose -5*a + 895 = -0*a. Is a prime?
True
Let v be (-1)/3 - 894/(-9). Suppose v = 3*s - 3*b, s + b = 21 + 20. Is s a composite number?
False
Suppose -4*w + 3 = -5. Suppose u = 4*h - 2080, -u + 6*u + 1058 = w*h. Is h composite?
True
Let d(y) = y - 2. Let f be d(6). Suppose 0 = -r - 5*m + 66, 4*r = f*m + 49 + 239. Is -1*(0 + r/(-1)) prime?
True
Let c(z) = -z**3 + z**2. Let p(f) = -7*f**3 + 2*f**2 - 2*f + 4. Let g(h) = 6*c(h) - p(h). Is g(3) a composite number?
True
Let j(d) be the third derivative of -d**4/24 + 3*d**2. Is j(-6) a prime number?
False
Let r(f) = -f**3 + 9*f**2 + 2*f + 5. Suppose 3*y - 13 = 2. Let a be r(y). Suppose 5*n - 2*d = 300, 2*n - a = -5*d - 24. Is n a composite number?
True
Let t(h) = 100*h + 3. Is t(2) composite?
True
Let f(z) = -z + 10. Let l be f(5). Suppose l*w = j + 55 + 139, 168 = 4*w - 4*j. Is w a prime number?
False
Let p(y) = y**2 + 2*y - 6. Let j be p(-4). Suppose 2*d - 144 = -j*g, -3*d + 7*d = -g + 75. Is g composite?
False
Suppose -w + 744 = d + 4*w, 4*d - 3096 = 4*w. Is d composite?
False
Let f be (8/16)/((-1)/(-12)). Let c = 20 - f. Is c a composite number?
True
Is -62*(-116)/(-24)*-3 a composite number?
True
Suppose -9 + 30 = 3*j - 4*v, 2*v + 6 = 0. Suppose -4*k - 147 + 471 = -2*q, 0 = 5*k - j*q - 403. Is k a composite number?
False
Suppose 4*n = -4, -2*v = n - 4*n - 15. Is (v - 4) + 0 + 37 composite?
True
Suppose 3*d + 4*h - 212 = -h, 0 = 2*d + h - 139. Is d a composite number?
True
Let m(v) = 7*v**2 - 8*v - 7. Is m(-6) a composite number?
False
Suppose -4*u = u. Let k(i) = i + 4. Let l be k(u). Suppose -3*h - 2*y + 44 = -29, y = l*h - 79. Is h prime?
False
Is ((-5463)/(-2))/9 + 6/4 a prime number?
False
Suppose 0 = -3*r - 2*w + 199 + 714, 0 = -4*r - 2*w + 1220. Is r a composite number?
False
Let y = 130 + -3. Is y prime?
True
Is (2504/4)/2 - -1 prime?
False
Let a(l) = -25*l + 2. Let n be a(3). Let o = 138 + n. Is o a composite number?
True
Let l(q) = -2 - 9 - q**2 + q**2 - 5*q + q**2. Is l(-10) prime?
True
Let w be (-2737)/(-3) - (-4)/6. Suppose 69 - w = -4*u. Is u composite?
False
Suppose -15 = -0*c + 5*c, 0 = -w + 5*c + 142. Is w a composite number?
False
Let t be (4 - 2) + (1 - -44). Suppose 3 + t = -5*c. Let h(v) = -v**3 - 10*v**2 - 3*v - 15. Is h(c) prime?
False
Let d(s) = -s**3 + 4*s**2 - 2*s. Let b be d(3). Suppose -t + b*m + 24 = 0, 0 = 2*t + 2*m + 3 - 75. Is t a prime number?
False
Suppose 246 = -40*a + 42*a. Is a a composite number?
True
Suppose 7*r - 24 = 4*r. Suppose -4 - r = -4*b. Suppose -c - 46 = -b*c. Is c composite?
False
Suppose 4*j - 8 = 2*q - 0*q, 0 = 4*q + 3*j - 17. Let p(a) = 3 - 2*a + 7*a - 5*a**3 - q*a**2 + 1. Is p(-3) composite?
True
Suppose 0 = 3*g + 10 - 205. Is g prime?
False
Let i(x) = -x - 38. Let k be i(11). Let t be 2348/14 + 4/14. Let h = k + t. Is h composite?
True
Suppose 2*a = 0, -2*m - 4*a + 26 = -16. Is m a composite number?
True
Let g(d) be the second derivative of d**5/20 - 3*d**4/4 - d**3/6 + d**2/2 - d. Let u be (-108)/(-12) + 1/1. Is g(u) prime?
False
Suppose t - 3*g - 229 = 0, 5*t - 3*g - 1133 = -0*g. Let o = -91 + t. Suppose -5*n + o = -50. Is n a composite number?
False
Let w be (3/3)/(1/4). Suppose 3*f + w*s - 41 = 0, -2*f - f + 2*s = -65. Is f composite?
False
Let i(g) = 1 - 2 - 1 + 39*g. Is i(3) prime?
False
Let y(c) = 2*c**2 + 6*c - 13. Is y(15) prime?
False
Suppose 7*m - 846 = m. Is m prime?
False
Let q(d) = -d**3 + d + 10. Let g be (-4)/(-22) + 6/(-33). Is q(g) composite?
True
Let j = -214 - -301. Suppose -j = i - 2*i. Is i a prime number?
False
Is (-574)/(-3) - (-5)/(-15) a composite number?
False
Let w = -4 - 8. Let r = w + -31. Let x = r - -80. Is x prime?
True
Let d(l) = l**3 + 3*l**2 - 5*l - 2. Let y be d(-4). Suppose y*w = 6, -2*t + 0*t - 2*w = -48. Suppose -t = -4*f + f. Is f composite?
False
Let j be (-6)/((-3)/(-153)*3). Let s = 157 + j. Is s a composite number?
True
Is 6 + -2 - 138*(-35)/10 prime?
True
Let h(d) = 168*d**2 - d. Is h(1) composite?
False
Let l(x) = -x**2 + 4*x + 1. Let k(w) = w**2 - 5*w - 1. Let m(b) = -2*k(b) - 3*l(b). Let q = -11 + 15. Is m(q) composite?
False
Suppose -f + 48 = -4*t, 3*t + 223 = -2*f + 7*f. Suppose -5*l - 4*a = -197, -3*l + f = 4*a - 79. Let m = l + -23. Is m composite?
True
Suppose 4 = t + 3*t. Let f = t + 4. Suppose -43 + 118 = f*k. Is k a composite number?
True
Suppose 10*u = 795 + 1715. Is u prime?
True
Suppose 0 = 5*h + 3*j - 16022, -j = -4*h + 12554 + 267. Is h composite?
True
Suppose -5*w + 0*s - 5*s = 20, -5*w - 4*s = 18. Let p(x) = -19*x - 1. Is p(w) a composite number?
False
Let c(p) = 18*p + 5. Is c(8) prime?
True
Let k(h) = -2*h**3 - h**2 - 2*h - 3. Is k(-2) a composite number?
False
Let u be ((-44)/(-10))/((-1)/(-5)). Suppose -u = -f - f. Is f a composite number?
False
Let l = 378 + -89. Is l a composite number?
True
Let v(u) = u**2 + 6*u + 5. Let m be v(-6). Suppose -3*w - 5*j = -22, w = m*w - 4*j - 8. Suppose 5*n + 2*y - 142 = 99, 2*n - w*y - 106 = 0. Is n a prime number?
False
Suppose 4*r = 6*r - 2878. Is r composite?
False
Suppose 5*t - 222 - 3373 = 0. Is t a composite number?
False
Let q = -1 - -18. Let y = -258 - -390. Let o = y - q. Is o composite?
True
Let y be 2 + (-3 - -3 - 2). Suppose 0 = -y*p + 3*p - 75. Suppose v + 0*v = p. Is v a prime number?
False
Is ((-3)/(-3))/(3/5679) a composite number?
True
Let s(l) = 1251*l + 2. Is s(3) prime?
False
Let i = -11 - -16. Suppose 2*k - i*r - 72 - 260 = 0, 0 = 3*k + 4*r - 544. Suppose -35 + k = 3*a. Is a a composite number?
False
Let d(r) = 6*r**3 + 6*r**2 + r + 4. Let g(x) = x**3 + x**2 + x + 1. Let u(c) = -d(c) + 5*g(c). Suppose -5*p + 0 = 15. Is u(p) a composite number?
False
Suppose -6*h + 1671 = -3*h. Is h composite?
False
Let j(u) = u**2 - u - 2. Let t be j(3). Is 3/(-6) + 342/t a prime number?
False
Is (46/4)/(2/4) composite?
False
Suppose s - 4*s + 18 = 5*d, -11 = -5*d + 4*s. Suppose 0 = -d*x + x + 434. Is x a prime number?
False
Let f = 0 + 2. Suppose -3*h + 105 = f*h. Is h prime?
False
Let f = -11 + 2. Let j(k) = k**3 + 10*k**2 + 9*k + 2. Let t be j(f). Is 396/16 - t/(-8) a prime number?
False
Let h(k) be the first derivative of 2/3*k**3 + 7*k + 1 - 9/2*k**2. Is h(6) a prime number?
False
Let r(k